[INFO] cloning repository https://github.com/itsHabib/grpc-translate-service
[INFO] running `Command { std: "git" "-c" "credential.helper=" "-c" "credential.helper=/workspace/cargo-home/bin/git-credential-null" "clone" "--bare" "https://github.com/itsHabib/grpc-translate-service" "/workspace/cache/git-repos/https%3A%2F%2Fgithub.com%2FitsHabib%2Fgrpc-translate-service", kill_on_drop: false }`
[INFO] [stderr] Cloning into bare repository '/workspace/cache/git-repos/https%3A%2F%2Fgithub.com%2FitsHabib%2Fgrpc-translate-service'...
[INFO] running `Command { std: "git" "rev-parse" "HEAD", kill_on_drop: false }`
[INFO] [stdout] 729b3a3b68070e3e1eee9e5b6fef56cd7f2c5e81
[INFO] checking itsHabib/grpc-translate-service against master#cfbc6d4cf1acbac5c025acf8ed68929caa551df3 for pr-75494-beta
[INFO] running `Command { std: "git" "clone" "/workspace/cache/git-repos/https%3A%2F%2Fgithub.com%2FitsHabib%2Fgrpc-translate-service" "/workspace/builds/worker-0/source", kill_on_drop: false }`
[INFO] [stderr] Cloning into '/workspace/builds/worker-0/source'...
[INFO] [stderr] done.
[INFO] validating manifest of git repo https://github.com/itsHabib/grpc-translate-service on toolchain cfbc6d4cf1acbac5c025acf8ed68929caa551df3
[INFO] running `Command { std: "/workspace/cargo-home/bin/cargo" "+cfbc6d4cf1acbac5c025acf8ed68929caa551df3" "read-manifest" "--manifest-path" "Cargo.toml", kill_on_drop: false }`
[INFO] started tweaking git repo https://github.com/itsHabib/grpc-translate-service
[INFO] finished tweaking git repo https://github.com/itsHabib/grpc-translate-service
[INFO] tweaked toml for git repo https://github.com/itsHabib/grpc-translate-service written to /workspace/builds/worker-0/source/Cargo.toml
[INFO] crate git repo https://github.com/itsHabib/grpc-translate-service already has a lockfile, it will not be regenerated
[INFO] running `Command { std: "/workspace/cargo-home/bin/cargo" "+cfbc6d4cf1acbac5c025acf8ed68929caa551df3" "fetch" "--locked" "--manifest-path" "Cargo.toml", kill_on_drop: false }`
[INFO] [stderr]     Blocking waiting for file lock on package cache
[INFO] [stderr]  Downloading crates ...
[INFO] [stderr]   Downloaded protoc-grpcio v0.3.1
[INFO] [stderr]   Downloaded protoc v2.3.0
[INFO] [stderr]   Downloaded rusoto_polly v0.36.0
[INFO] [stderr]   Downloaded rusoto_translate v0.36.0
[INFO] [stderr]   Downloaded grpcio-compiler v0.4.3
[INFO] [stderr]   Downloaded grpcio v0.4.4
[INFO] [stderr]   Downloaded protobuf-codegen v2.3.0
[INFO] [stderr]   Downloaded protobuf v2.3.0
[INFO] [stderr]   Downloaded grpcio-sys v0.4.4
[INFO] running `Command { std: "docker" "create" "-v" "/var/lib/crater-agent-workspace/builds/worker-0/target:/opt/rustwide/target:rw,Z" "-v" "/var/lib/crater-agent-workspace/builds/worker-0/source:/opt/rustwide/workdir:ro,Z" "-v" "/var/lib/crater-agent-workspace/cargo-home:/opt/rustwide/cargo-home:ro,Z" "-v" "/var/lib/crater-agent-workspace/rustup-home:/opt/rustwide/rustup-home:ro,Z" "-e" "SOURCE_DIR=/opt/rustwide/workdir" "-e" "CARGO_TARGET_DIR=/opt/rustwide/target" "-e" "CARGO_HOME=/opt/rustwide/cargo-home" "-e" "RUSTUP_HOME=/opt/rustwide/rustup-home" "-w" "/opt/rustwide/workdir" "-m" "1610612736" "--user" "0:0" "--network" "none" "rustops/crates-build-env@sha256:a636fd89d022f18117e1dc8fb37a0a009933cdbbe082814857f0e2024962d47c" "/opt/rustwide/cargo-home/bin/cargo" "+cfbc6d4cf1acbac5c025acf8ed68929caa551df3" "metadata" "--no-deps" "--format-version=1", kill_on_drop: false }`
[INFO] [stdout] d284832052e68ec4d16762a051da3a0542cb856b9f8ed25d5838f8c443a7aaba
[INFO] [stderr] WARNING: Your kernel does not support swap limit capabilities or the cgroup is not mounted. Memory limited without swap.
[INFO] running `Command { std: "docker" "start" "-a" "d284832052e68ec4d16762a051da3a0542cb856b9f8ed25d5838f8c443a7aaba", kill_on_drop: false }`
[INFO] running `Command { std: "docker" "inspect" "d284832052e68ec4d16762a051da3a0542cb856b9f8ed25d5838f8c443a7aaba", kill_on_drop: false }`
[INFO] running `Command { std: "docker" "rm" "-f" "d284832052e68ec4d16762a051da3a0542cb856b9f8ed25d5838f8c443a7aaba", kill_on_drop: false }`
[INFO] [stdout] d284832052e68ec4d16762a051da3a0542cb856b9f8ed25d5838f8c443a7aaba
[INFO] running `Command { std: "docker" "create" "-v" "/var/lib/crater-agent-workspace/builds/worker-0/target:/opt/rustwide/target:rw,Z" "-v" "/var/lib/crater-agent-workspace/builds/worker-0/source:/opt/rustwide/workdir:ro,Z" "-v" "/var/lib/crater-agent-workspace/cargo-home:/opt/rustwide/cargo-home:ro,Z" "-v" "/var/lib/crater-agent-workspace/rustup-home:/opt/rustwide/rustup-home:ro,Z" "-e" "SOURCE_DIR=/opt/rustwide/workdir" "-e" "CARGO_TARGET_DIR=/opt/rustwide/target" "-e" "CARGO_INCREMENTAL=0" "-e" "RUST_BACKTRACE=full" "-e" "RUSTFLAGS=--cap-lints=forbid" "-e" "CARGO_HOME=/opt/rustwide/cargo-home" "-e" "RUSTUP_HOME=/opt/rustwide/rustup-home" "-w" "/opt/rustwide/workdir" "-m" "1610612736" "--user" "0:0" "--network" "none" "rustops/crates-build-env@sha256:a636fd89d022f18117e1dc8fb37a0a009933cdbbe082814857f0e2024962d47c" "/opt/rustwide/cargo-home/bin/cargo" "+cfbc6d4cf1acbac5c025acf8ed68929caa551df3" "check" "--frozen" "--all" "--all-targets" "--message-format=json", kill_on_drop: false }`
[INFO] [stdout] 2c9cf6b16df9722e83e819592bfd81f0a38288c0b22cfbafd35d27d8fb3a7f1f
[INFO] [stderr] WARNING: Your kernel does not support swap limit capabilities or the cgroup is not mounted. Memory limited without swap.
[INFO] running `Command { std: "docker" "start" "-a" "2c9cf6b16df9722e83e819592bfd81f0a38288c0b22cfbafd35d27d8fb3a7f1f", kill_on_drop: false }`
[INFO] [stderr]    Compiling libc v0.2.48
[INFO] [stderr]    Compiling autocfg v0.1.2
[INFO] [stderr]    Compiling semver-parser v0.7.0
[INFO] [stderr]     Checking rand_core v0.4.0
[INFO] [stderr]    Compiling cc v1.0.29
[INFO] [stderr]     Checking futures v0.1.25
[INFO] [stderr]    Compiling byteorder v1.3.1
[INFO] [stderr]     Checking smallvec v0.6.9
[INFO] [stderr]     Checking scopeguard v0.3.3
[INFO] [stderr]     Checking stable_deref_trait v1.1.1
[INFO] [stderr]     Checking slab v0.4.2
[INFO] [stderr]    Compiling proc-macro2 v0.4.27
[INFO] [stderr]    Compiling pkg-config v0.3.14
[INFO] [stderr]    Compiling unicode-xid v0.1.0
[INFO] [stderr]    Compiling arrayvec v0.4.10
[INFO] [stderr]     Checking lazycell v1.2.1
[INFO] [stderr]     Checking nodrop v0.1.13
[INFO] [stderr]     Checking memoffset v0.2.1
[INFO] [stderr]    Compiling typenum v1.10.0
[INFO] [stderr]    Compiling protobuf v2.3.0
[INFO] [stderr]     Checking itoa v0.4.3
[INFO] [stderr]    Compiling serde v1.0.88
[INFO] [stderr]    Compiling memchr v2.2.0
[INFO] [stderr]     Checking fnv v1.0.6
[INFO] [stderr]    Compiling httparse v1.3.3
[INFO] [stderr]    Compiling openssl v0.10.16
[INFO] [stderr]     Checking string v0.1.3
[INFO] [stderr]     Checking foreign-types-shared v0.1.1
[INFO] [stderr]    Compiling ryu v0.2.7
[INFO] [stderr]     Checking indexmap v1.0.2
[INFO] [stderr]     Checking try-lock v0.2.2
[INFO] [stderr]     Checking bitflags v1.0.4
[INFO] [stderr]     Checking matches v0.1.8
[INFO] [stderr]     Checking ucd-util v0.1.3
[INFO] [stderr]    Compiling native-tls v0.2.2
[INFO] [stderr]    Compiling failure_derive v0.1.5
[INFO] [stderr]     Checking byte-tools v0.2.0
[INFO] [stderr]     Checking openssl-probe v0.1.2
[INFO] [stderr]     Checking arrayref v0.3.5
[INFO] [stderr]    Compiling rustc-demangle v0.1.13
[INFO] [stderr]     Checking constant_time_eq v0.1.3
[INFO] [stderr]     Checking percent-encoding v1.0.1
[INFO] [stderr]     Checking fake-simd v0.1.2
[INFO] [stderr]     Checking hex v0.3.2
[INFO] [stderr]     Checking md5 v0.3.8
[INFO] [stderr]     Checking crossbeam-utils v0.6.5
[INFO] [stderr]     Checking owning_ref v0.4.0
[INFO] [stderr]    Compiling semver v0.9.0
[INFO] [stderr]     Checking rand_core v0.3.1
[INFO] [stderr]     Checking rand_jitter v0.1.3
[INFO] [stderr]     Checking unicode-normalization v0.1.8
[INFO] [stderr]    Compiling rand_chacha v0.1.1
[INFO] [stderr]    Compiling rand v0.6.5
[INFO] [stderr]     Checking foreign-types v0.3.2
[INFO] [stderr]    Compiling backtrace v0.3.14
[INFO] [stderr]     Checking xml-rs v0.7.0
[INFO] [stderr]     Checking unicode-bidi v0.3.4
[INFO] [stderr]     Checking block-buffer v0.3.3
[INFO] [stderr]    Compiling cmake v0.1.35
[INFO] [stderr]     Checking regex-syntax v0.6.5
[INFO] [stderr]    Compiling protoc v2.3.0
[INFO] [stderr]     Checking lock_api v0.1.5
[INFO] [stderr]    Compiling rand_hc v0.1.0
[INFO] [stderr]    Compiling rand_xorshift v0.1.1
[INFO] [stderr]    Compiling rand_isaac v0.1.1
[INFO] [stderr]     Checking crossbeam-channel v0.3.8
[INFO] [stderr]    Compiling rustc_version v0.2.3
[INFO] [stderr]     Checking tokio-executor v0.1.6
[INFO] [stderr]     Checking tokio-sync v0.1.2
[INFO] [stderr]     Checking want v0.0.6
[INFO] [stderr]    Compiling quote v0.6.11
[INFO] [stderr]     Checking base64 v0.9.3
[INFO] [stderr]     Checking aho-corasick v0.6.10
[INFO] [stderr]     Checking crossbeam-epoch v0.7.1
[INFO] [stderr]     Checking iovec v0.1.2
[INFO] [stderr]     Checking rand_os v0.1.2
[INFO] [stderr]     Checking num_cpus v1.10.0
[INFO] [stderr]     Checking net2 v0.2.33
[INFO] [stderr]     Checking time v0.1.42
[INFO] [stderr]     Checking dirs v1.0.4
[INFO] [stderr]     Checking tokio-current-thread v0.1.4
[INFO] [stderr]     Checking tokio-timer v0.2.10
[INFO] [stderr]    Compiling rand_pcg v0.1.1
[INFO] [stderr]    Compiling parking_lot_core v0.4.0
[INFO] [stderr]    Compiling rusoto_core v0.36.0
[INFO] [stderr]    Compiling syn v0.15.26
[INFO] [stderr]     Checking idna v0.1.5
[INFO] [stderr]     Checking bytes v0.4.11
[INFO] [stderr]     Checking futures-cpupool v0.1.8
[INFO] [stderr]     Checking generic-array v0.9.0
[INFO] [stderr]     Checking crossbeam-deque v0.6.3
[INFO] [stderr]    Compiling openssl-sys v0.9.40
[INFO] [stderr]    Compiling backtrace-sys v0.1.28
[INFO] [stderr]    Compiling grpcio-sys v0.4.4
[INFO] [stderr]     Checking mio v0.6.16
[INFO] [stderr]     Checking digest v0.7.6
[INFO] [stderr]     Checking crypto-mac v0.5.2
[INFO] [stderr]     Checking sha2 v0.7.1
[INFO] [stderr]     Checking hmac v0.5.0
[INFO] [stderr]     Checking tokio-io v0.1.11
[INFO] [stderr]     Checking http v0.1.16
[INFO] [stderr]     Checking url v1.7.2
[INFO] [stderr]     Checking regex v1.1.0
[INFO] [stderr]     Checking mio-uds v0.6.7
[INFO] [stderr]     Checking tokio-codec v0.1.1
[INFO] [stderr]    Compiling tempfile v3.0.7
[INFO] [stderr]     Checking parking_lot v0.7.1
[INFO] [stderr]     Checking tokio-reactor v0.1.8
[INFO] [stderr]     Checking crossbeam v0.6.0
[INFO] [stderr]     Checking tokio-threadpool v0.1.11
[INFO] [stderr]     Checking tokio-uds v0.2.5
[INFO] [stderr]     Checking tokio-udp v0.1.3
[INFO] [stderr]     Checking tokio-tcp v0.1.3
[INFO] [stderr]     Checking h2 v0.1.16
[INFO] [stderr]     Checking tokio-fs v0.1.5
[INFO] [stderr]    Compiling protobuf-codegen v2.3.0
[INFO] [stderr]     Checking tokio v0.1.15
[INFO] [stderr]    Compiling synstructure v0.10.1
[INFO] [stderr]     Checking serde_json v1.0.38
[INFO] [stderr]     Checking chrono v0.4.6
[INFO] [stderr]     Checking hyper v0.12.24
[INFO] [stderr]    Compiling grpcio-compiler v0.4.3
[INFO] [stderr]    Compiling serde_derive v1.0.88
[INFO] [stderr]    Compiling failure v0.1.5
[INFO] [stderr]    Compiling protoc-grpcio v0.3.1
[INFO] [stderr]     Checking hyper-tls v0.3.1
[INFO] [stderr]    Compiling translate-service v0.1.0 (/opt/rustwide/workdir)
[INFO] [stderr] error: failed to run custom build command for `translate-service v0.1.0 (/opt/rustwide/workdir)`
[INFO] [stderr] 
[INFO] [stderr] Caused by:
[INFO] [stderr]   process didn't exit successfully: `/opt/rustwide/target/debug/build/translate-service-faaffe58c3368a6c/build-script-build` (exit code: 101)
[INFO] [stderr]   --- stdout
[INFO] [stderr]   cargo:rerun-if-changed=src/protos
[INFO] [stderr] 
[INFO] [stderr]   --- stderr
[INFO] [stderr]   thread 'main' panicked at 'Failed to compile gRPC definitions!: Os { code: 30, kind: Other, message: "Read-only file system" }
[INFO] [stderr] 
[INFO] [stderr]   stack backtrace:
[INFO] [stderr]      0: failure::backtrace::internal::InternalBacktrace::new::hb68e9e63aa3faad1 (0x562181f65c65)
[INFO] [stderr]                at /opt/rustwide/cargo-home/registry/src/github.com-1ecc6299db9ec823/failure-0.1.5/src/backtrace/internal.rs:44
[INFO] [stderr]      1: failure::backtrace::Backtrace::new::ha38ccfd637e4be0f (0x562181f6479d)
[INFO] [stderr]                at /opt/rustwide/cargo-home/registry/src/github.com-1ecc6299db9ec823/failure-0.1.5/src/backtrace/mod.rs:111
[INFO] [stderr]      2: <failure::error::error_impl::ErrorImpl as core::convert::From<F>>::from::h169a2a6433374526 (0x562181f1d0bb)
[INFO] [stderr]                at /opt/rustwide/cargo-home/registry/src/github.com-1ecc6299db9ec823/failure-0.1.5/src/error/error_impl.rs:19
[INFO] [stderr]      3: <failure::error::Error as core::convert::From<F>>::from::hbdd8739dc8290551 (0x562181f1fc6e)
[INFO] [stderr]                at /opt/rustwide/cargo-home/registry/src/github.com-1ecc6299db9ec823/failure-0.1.5/src/error/mod.rs:36
[INFO] [stderr]      4: <T as core::convert::Into<U>>::into::h39296331303ad776 (0x562181f1c3be)
[INFO] [stderr]                at /rustc/cfbc6d4cf1acbac5c025acf8ed68929caa551df3/src/libcore/convert/mod.rs:560
[INFO] [stderr]      5: failure::context::Context<D>::with_err::h5a71e36ade1d82d3 (0x562181f13f2d)
[INFO] [stderr]                at /opt/rustwide/cargo-home/registry/src/github.com-1ecc6299db9ec823/failure-0.1.5/src/context.rs:105
[INFO] [stderr]      6: failure::Fail::context::hdafedeb562482883 (0x562181f1c5b5)
[INFO] [stderr]                at /opt/rustwide/cargo-home/registry/src/github.com-1ecc6299db9ec823/failure-0.1.5/src/lib.rs:160
[INFO] [stderr]      7: <core::result::Result<T,E> as failure::result_ext::ResultExt<T,E>>::context::{{closure}}::hc67ff3fdec76d2eb (0x562181f1ffa5)
[INFO] [stderr]                at /opt/rustwide/cargo-home/registry/src/github.com-1ecc6299db9ec823/failure-0.1.5/src/result_ext.rs:164
[INFO] [stderr]      8: core::result::Result<T,E>::map_err::he598c6c98269d8cc (0x562181f1a5f1)
[INFO] [stderr]                at /rustc/cfbc6d4cf1acbac5c025acf8ed68929caa551df3/src/libcore/result.rs:612
[INFO] [stderr]      9: <core::result::Result<T,E> as failure::result_ext::ResultExt<T,E>>::context::h312397037ee8bd45 (0x562181f1aadd)
[INFO] [stderr]                at /opt/rustwide/cargo-home/registry/src/github.com-1ecc6299db9ec823/failure-0.1.5/src/result_ext.rs:164
[INFO] [stderr]     10: protoc_grpcio::write_out_generated_files::h9db8f557d9691435 (0x562181f10d57)
[INFO] [stderr]                at /opt/rustwide/cargo-home/registry/src/github.com-1ecc6299db9ec823/protoc-grpcio-0.3.1/src/lib.rs:91
[INFO] [stderr]     11: protoc_grpcio::compile_grpc_protos::hb82c9c42fa6a030b (0x562181f10272)
[INFO] [stderr]                at /opt/rustwide/cargo-home/registry/src/github.com-1ecc6299db9ec823/protoc-grpcio-0.3.1/src/lib.rs:257
[INFO] [stderr]     12: build_script_build::main::he1d8f56bce3fbc23 (0x562181f14fa0)
[INFO] [stderr]                at /opt/rustwide/workdir/build.rs:4
[INFO] [stderr]     13: std::rt::lang_start::{{closure}}::h290752c96cf2c89d (0x562181f1f5fa)
[INFO] [stderr]                at /rustc/cfbc6d4cf1acbac5c025acf8ed68929caa551df3/src/libstd/rt.rs:67
[INFO] [stderr]     14: std::rt::lang_start_internal::{{closure}}::h84a998219831fa70 (0x5621821c4692)
[INFO] [stderr]                at src/libstd/rt.rs:52
[INFO] [stderr]         std::panicking::try::do_call::he8e1d689a3e26def
[INFO] [stderr]                at src/libstd/panicking.rs:348
[INFO] [stderr]         std::panicking::try::h264b6eebc2fa7bbf
[INFO] [stderr]                at src/libstd/panicking.rs:325
[INFO] [stderr]         std::panic::catch_unwind::hbf28fafa723b2128
[INFO] [stderr]                at src/libstd/panic.rs:394
[INFO] [stderr]         std::rt::lang_start_internal::he959aa59bc3ec202
[INFO] [stderr]                at src/libstd/rt.rs:51
[INFO] [stderr]     15: std::rt::lang_start::h5d20ef64a2a29ca8 (0x562181f1f5d6)
[INFO] [stderr]                at /rustc/cfbc6d4cf1acbac5c025acf8ed68929caa551df3/src/libstd/rt.rs:67
[INFO] [stderr]     16: main (0x562181f15019)
[INFO] [stderr]     17: __libc_start_main (0x7fc0501ac0b2)
[INFO] [stderr]     18: _start (0x562181f0b1cd)
[INFO] [stderr]     19: <unknown> (0x0)
[INFO] [stderr] 
[INFO] [stderr]   failed to create "src/protos/language_grpc.rs"
[INFO] [stderr] 
[INFO] [stderr]   failed to write generated grpc definitions', build.rs:5:10
[INFO] [stderr]   stack backtrace:
[INFO] [stderr]      0:     0x5621821c1745 - backtrace::backtrace::libunwind::trace::h5e2646fa3eddf2ea
[INFO] [stderr]                                  at /cargo/registry/src/github.com-1ecc6299db9ec823/backtrace-0.3.46/src/backtrace/libunwind.rs:86
[INFO] [stderr]      1:     0x5621821c1745 - backtrace::backtrace::trace_unsynchronized::hb95dd7f77ce47877
[INFO] [stderr]                                  at /cargo/registry/src/github.com-1ecc6299db9ec823/backtrace-0.3.46/src/backtrace/mod.rs:66
[INFO] [stderr]      2:     0x5621821c1745 - std::sys_common::backtrace::_print_fmt::h5e71b67af43fd70d
[INFO] [stderr]                                  at src/libstd/sys_common/backtrace.rs:78
[INFO] [stderr]      3:     0x5621821c1745 - <std::sys_common::backtrace::_print::DisplayBacktrace as core::fmt::Display>::fmt::hdb4a83d2b61107e5
[INFO] [stderr]                                  at src/libstd/sys_common/backtrace.rs:59
[INFO] [stderr]      4:     0x5621821eaa8c - core::fmt::write::ha20e7262fa3e8a7a
[INFO] [stderr]                                  at src/libcore/fmt/mod.rs:1076
[INFO] [stderr]      5:     0x5621821bea42 - std::io::Write::write_fmt::h1aebfe8a5a79e36d
[INFO] [stderr]                                  at src/libstd/io/mod.rs:1537
[INFO] [stderr]      6:     0x5621821c3c80 - std::sys_common::backtrace::_print::h9c07314cc66ba539
[INFO] [stderr]                                  at src/libstd/sys_common/backtrace.rs:62
[INFO] [stderr]      7:     0x5621821c3c80 - std::sys_common::backtrace::print::hd1fd65f49a2d8544
[INFO] [stderr]                                  at src/libstd/sys_common/backtrace.rs:49
[INFO] [stderr]      8:     0x5621821c3c80 - std::panicking::default_hook::{{closure}}::h222da46485ab36fc
[INFO] [stderr]                                  at src/libstd/panicking.rs:198
[INFO] [stderr]      9:     0x5621821c39cc - std::panicking::default_hook::hc5868949d129ed00
[INFO] [stderr]                                  at src/libstd/panicking.rs:217
[INFO] [stderr]     10:     0x5621821c42c3 - std::panicking::rust_panic_with_hook::h26a6ab8b0993c0c8
[INFO] [stderr]                                  at src/libstd/panicking.rs:526
[INFO] [stderr]     11:     0x5621821c3ebb - rust_begin_unwind
[INFO] [stderr]                                  at src/libstd/panicking.rs:437
[INFO] [stderr]     12:     0x5621821e89f1 - core::panicking::panic_fmt::h17139c2000299725
[INFO] [stderr]                                  at src/libcore/panicking.rs:85
[INFO] [stderr]     13:     0x5621821e8813 - core::option::expect_none_failed::h972f96abb4ec8952
[INFO] [stderr]                                  at src/libcore/option.rs:1269
[INFO] [stderr]     14:     0x562181f19d56 - core::result::Result<T,E>::expect::hde3bac52a4d62a59
[INFO] [stderr]                                  at /rustc/cfbc6d4cf1acbac5c025acf8ed68929caa551df3/src/libcore/result.rs:963
[INFO] [stderr]     15:     0x562181f14fdb - build_script_build::main::he1d8f56bce3fbc23
[INFO] [stderr]                                  at /opt/rustwide/workdir/build.rs:4
[INFO] [stderr]     16:     0x562181f1f5fb - std::rt::lang_start::{{closure}}::h290752c96cf2c89d
[INFO] [stderr]                                  at /rustc/cfbc6d4cf1acbac5c025acf8ed68929caa551df3/src/libstd/rt.rs:67
[INFO] [stderr]     17:     0x5621821c4693 - std::rt::lang_start_internal::{{closure}}::h84a998219831fa70
[INFO] [stderr]                                  at src/libstd/rt.rs:52
[INFO] [stderr]     18:     0x5621821c4693 - std::panicking::try::do_call::he8e1d689a3e26def
[INFO] [stderr]                                  at src/libstd/panicking.rs:348
[INFO] [stderr]     19:     0x5621821c4693 - std::panicking::try::h264b6eebc2fa7bbf
[INFO] [stderr]                                  at src/libstd/panicking.rs:325
[INFO] [stderr]     20:     0x5621821c4693 - std::panic::catch_unwind::hbf28fafa723b2128
[INFO] [stderr]                                  at src/libstd/panic.rs:394
[INFO] [stderr]     21:     0x5621821c4693 - std::rt::lang_start_internal::he959aa59bc3ec202
[INFO] [stderr]                                  at src/libstd/rt.rs:51
[INFO] [stderr]     22:     0x562181f1f5d7 - std::rt::lang_start::h5d20ef64a2a29ca8
[INFO] [stderr]                                  at /rustc/cfbc6d4cf1acbac5c025acf8ed68929caa551df3/src/libstd/rt.rs:67
[INFO] [stderr]     23:     0x562181f1501a - main
[INFO] [stderr]     24:     0x7fc0501ac0b3 - __libc_start_main
[INFO] [stderr]     25:     0x562181f0b1ce - _start
[INFO] [stderr]     26:                0x0 - <unknown>
[INFO] [stderr] warning: build failed, waiting for other jobs to finish...
[INFO] [stderr] error: build failed
[INFO] running `Command { std: "docker" "inspect" "2c9cf6b16df9722e83e819592bfd81f0a38288c0b22cfbafd35d27d8fb3a7f1f", kill_on_drop: false }`
[INFO] running `Command { std: "docker" "rm" "-f" "2c9cf6b16df9722e83e819592bfd81f0a38288c0b22cfbafd35d27d8fb3a7f1f", kill_on_drop: false }`
[INFO] [stdout] 2c9cf6b16df9722e83e819592bfd81f0a38288c0b22cfbafd35d27d8fb3a7f1f
